0130228?
2
What is the hundred millions digit of 2715181851?
7
What is the hundreds digit of 192966741?
7
What is the hundred millions digit of 246445390?
2
What is the hundred thousands digit of 18621623?
6
What is the millions digit of 299994848?
9
What is the hundreds digit of 353395142?
1
What is the tens digit of 231463775?
7
What is the ten thousands digit of 1315263768?
6
What is the thousands digit of 8588230?
8
What is the units digit of 781428006?
6
What is the hundred millions digit of 730470035?
7
What is the hundred millions digit of 219880345?
2
What is the thousands digit of 143245744?
5
What is the hundred thousands digit of 15847750?
8
What is the ten millions digit of 31136821?
3
What is the billions digit of 1497018446?
1
What is the ten thousands digit of 43590601?
9
What is the hundred thousands digit of 21836260?
8
What is the thousands digit of 951154093?
4
What is the units digit of 1826665630?
0
What is the thousands digit of 2644397?
4
What is the ten thousands digit of 316664378?
6
What is the hundred millions digit of 322797016?
3
What is the hundreds digit of 71928506?
5
What is the tens digit of 153926871?
7
What is the hundred millions digit of 104918475?
1
What is the millions digit of 1396951495?
6
What is the units digit of 25009228?
8
What is the hundred millions digit of 127809373?
1
What is the ten thousands digit of 505815298?
1
What is the ten thousands digit of 628543176?
4
What is the thousands digit of 13797006?
7
What is the hundreds digit of 127303421?
4
What is the hundreds digit of 105944266?
2
What is the millions digit of 134149987?
4
What is the ten millions digit of 155260167?
5
What is the hundred millions digit of 661828067?
6
What is the hundreds digit of 2893463860?
8
What is the ten thousands digit of 1018530985?
3
What is the hundred millions digit of 253379200?
2
What is the hundred millions digit of 216499953?
2
What is the millions digit of 1000522641?
0
What is the ten thousands digit of 178764760?
6
What is the thousands digit of 33053689?
3
What is the ten thousands digit of 77079970?
7
What is the hundreds digit of 795401409?
4
What is the hundreds digit of 155508536?
5
What is the millions digit of 205347017?
5
What is the ten millions digit of 97140189?
9
What is the hundreds digit of 172650476?
4
What is the ten thousands digit of 309916322?
1
What is the hundred thousands digit of 356878542?
8
What is the tens digit of 932829120?
2
What is the hundred thousands digit of 757599013?
5
What is the units digit of 2477743663?
3
What is the hundred thousands digit of 4384323429?
3
What is the tens digit of 5720903999?
9
What is the hundred millions digit of 1026998673?
0
What is the billions digit of 1101983194?
1
What is the hundreds digit of 3976252271?
2
What is the hundreds digit of 442515947?
9
What is the thousands digit of 399535097?
5
What is the millions digit of 38515009?
8
What is the thousands digit of 71277552?
7
What is the thousands digit of 1761588872?
8
What is the millions digit of 145862561?
5
What is the millions digit of 161976939?
1
What is the hundred thousands digit of 1613102?
6
What is the ten thousands digit of 154447985?
4
What is the hundreds digit of 287754295?
2
What is the millions digit of 288071144?
8
What is the ten millions digit of 5647484029?
4
What is the thousands digit of 3690376562?
6
What is the hundred millions digit of 123071185?
1
What is the ten thousands digit of 384002669?
0
What is the units digit of 504688763?
3
What is the ten millions digit of 562271414?
6
What is the hundreds digit of 735651?
6
What is the hundred thousands digit of 324717421?
7
What is the ten thousands digit of 2903150?
0
What is the ten thousands digit of 30194246?
9
What is the ten millions digit of 47286831?
4
What is the ten thousands digit of 986418607?
1
What is the ten millions digit of 1955758157?
5
What is the millions digit of 144818666?
4
What is the units digit of 1683469380?
0
What is the ten millions digit of 51186817?
5
What is the ten thousands digit of 629185834?
8
What is the hundreds digit of 573018468?
4
What is the tens digit of 27142473?
7
What is the millions digit of 140352356?
0
What is the hundred thousands digit of 315596385?
5
What is the units digit of 936229062?
2
What is the millions digit of 10383309?
0
What is the units digit of 2175412503?
3
What is the ten millions digit of 3468041802?
6
What is the ten millions digit of 168380671?
6
What is the hundred thousands digit of 402490924?
4
What is the thousands digit of 83541596?
1
What is the ten millions digit of 383258248?
8
What is the hundred thousands digit of 2897610627?
6
What is the tens digit of 100565884?
8
What is the tens digit of 14177295?
9
What is the tens digit of 4000601541?
4
What is the units digit of 326785515?
5
What is the hundred thousands digit of 3337418?
3
What is the thousands digit of 3651668781?
8
What is the ten millions digit of 324562509?
2
What is the hundred millions digit of 732758183?
7
What is the millions digit of 491500394?
1
What is the hundred millions digit of 140623200?
1
What is the ten millions digit of 347886430?
4
What is the hundred thousands digit of 235615961?
6
What is the ten millions digit of 59175916?
5
What is the ten thousands digit of 135283089?
8
What is the hundred millions digit of 2877629943?
8
What is the units digit of 1090545914?
4
What is the thousands digit of 88981014?
1
What is the ten thousands digit of 817388439?
8
What is the thousands digit of 3388920270?
0
What is the ten millions digit of 47736558?
4
What is the ten thousands digit of 46947816?
4
What is the tens digit of 74634299?
9
What is the tens digit of 22735295?
9
What is the ten millions digit of 270854347?
7
What is the ten thousands digit of 2926672869?
7
What is the hundreds digit of 925490400?
4
What is the tens digit of 815220656?
5
What is the hundreds digit of 603667318?
3
What is the millions digit of 882364177?
2
What is the hundred thousands digit of 887746793?
7
What is the thousands digit of 842140092?
0
What is the hundred thousands digit of 211682695?
6
What is the ten millions digit of 1010673199?
1
What is the hundreds digit of 496661859?
8
What is the ten thousands digit of 32418857?
1
What is the hundred millions digit of 394304698?
3
What is the thousands digit of 107839539?
9
What is the millions digit of 234722982?
4
What is the units digit of 18728286?
6
What is the hundreds digit of 224500309?
3
What is the thousands digit of 21197620?
7
What is the units digit of 21913920?
0
What is the tens digit of 2441269235?
3
What is the tens digit of 39412231?
3
What is the hundreds digit of 33866417?
4
What is the units digit of 755533707?
7
What is the ten millions digit of 2301232652?
0
What is the hundreds digit of 1264556930?
9
What is the thousands digit of 33565980?
5
What is the hundred thousands digit of 96690567?
6
What is the ten thousands digit of 103962553?
6
What is the tens digit of 6732264464?
6
What is the units digit of 38834772?
2
What is the millions digit of 517681214?
7
What is the hundreds digit of 69289066?
0
What is the hundred thousands digit of 6497048745?
0
What is the units digit of 293952070?
0
What is the ten millions digit of 127164069?
2
What is the tens digit of 496100169?
6
What is the millions digit of 109858048?
9
What is the hundred millions digit of 1118593278?
1
What is the hundred millions digit of 5104609680?
1
What is the hundreds digit of 32197307?
3
What is the units digit of 715774224?
4
What is the hundred thousands digit of 402861279?
8
What is the thousands digit of 322214061?
4
What is the hundred millions digit of 556956989?
5
What is the billions digit of 4427633637?
4
What is the ten thousands digit of 50982127?
8
What is the hundred thousands digit of 190558013?
5
What is the ten thousands digit of 37563997?
6
What is the thousands digit of 11594775?
4
What is the units digit of 16307668?
8
What is the ten thousands digit of 51105038?
0
What is the tens digit of 129239555?
5
What is the thousands digit of 1472746371?
6
What is the ten thousands digit of 95970064?
7
What is the billions digit of 5467074607?
5
What is the ten thousands digit of 6992798?
9
What is the ten millions di